 = c**2 - 11*c + 10. Let v be d(10). What is the units digit of v*1/3 + 2?
2
What is the units digit of ((-8)/8)/(1/(-7))?
7
Let s = -1 + 3. Suppose 10 + 0 = -s*n. Let z(y) = y + 9. What is the units digit of z(n)?
4
Let b = 39 - 2. What is the units digit of b?
7
Suppose 4*h = -x - 0*x - 13, 1 = 2*x - h. What is the units digit of (0 + x + -1)*-1?
2
Suppose 91 = 3*b - 4*l, -2*l + 15 = 5. Suppose -3*w = -b - 32. Let o = w + -13. What is the tens digit of o?
1
Let u be (-8)/(-3)*3/2. Let w = u - 1. What is the units digit of w?
3
Let w = 26 + -50. What is the units digit of 8/w - 224/(-6)?
7
Let k = -6 + 18. Suppose -4*v = -b + 2 - k, 3*v - 4 = -b. Suppose -5*a + v = -48. What is the tens digit of a?
1
Let n be (-4)/10 + (-24)/(-10). Suppose 3*h - 3 = f + n*f, 12 = 2*h + 3*f. Suppose -3*a = -27 - h. What is the tens digit of a?
1
Suppose -39 - 3 = -4*q - 3*j, 3*q = -4*j + 35. Suppose -t = -p + q + 12, -p - 2*t + 6 = 0. What is the tens digit of p?
1
Let j(q) = q**2 + 4*q + 1. Let n be j(-5). What is the tens digit of 580/15 - 4/n?
3
Let h(x) = x**2 + 20*x + 10. What is the tens digit of h(-22)?
5
Let z be 10/2*2/2. Suppose -z*x + x = -52. Let l = -6 + x. What is the units digit of l?
7
Let z = 4 + -5. Let b be (-28)/(-8) - z/(-2). Suppose -4*x + 29 = k, 26 = b*x + 7*k - 2*k. What is the units digit of x?
7
Suppose -c = -1 - 3. Suppose -7 = -c*z + r, -2*z - 2*z - 2*r = 2. What is the units digit of z?
1
Suppose 2*u - 392 = -5*q + 6*u, 2*q = 4*u + 164. What is the units digit of q?
6
Suppose 116 - 584 = -4*a. What is the tens digit of a?
1
Suppose 5*z = h + 2*h - 19, 3*h + z = 7. Suppose -2*l - 36 = -2*x - 12, x - 20 = h*l. Let s = x - 5. What is the units digit of s?
3
Let r = -161 + 270. What is the hundreds digit of r?
1
Let d(a) = -a**2 + 5*a + 10. Let o be d(7). Let b = 0 - o. What is the units digit of b?
4
What is the hundreds digit of (-3)/1 - -161*(-2 - -3)?
1
Let u(t) = t**3 + 9*t**2 + 7*t + 1. Let x be u(-8). Suppose -3*g + 5*y + 127 = 0, 5*g + x*y - 225 = 4*y. What is the units digit of g?
4
Suppose -55 = -8*i + 4*i - t, i - t = 20. Suppose 26 = -5*l + 1. What is the units digit of (1/l)/((-3)/i)?
1
Let f be ((-39)/3)/(-2 - -3). Let k = -9 - f. Let y(o) = 2*o - 4. What is the units digit of y(k)?
4
Let u(q) = -q**2 + 8*q + 4. Let k be u(6). Suppose -5*d + k + 14 = 0. What is the units digit of d?
6
Suppose 2*n = -0*n + 8. Suppose -5*i + i + g + n = 0, 0 = -2*i + g. Suppose -i*x + 13 = -3*p, -3*p - 20 + 9 = -x. What is the units digit of x?
2
Let l be 2/(-5) + 77/5. Let g = 7 + 14. Let y = g - l. What is the units digit of y?
6
Suppose -5*s = -s - 24. Suppose r - 3*i = -14, s + 7 = 3*r + 2*i. What is the units digit of r?
1
Let a be (20/(-25))/(2/(-5)). Suppose 0*s + 20 = s - a*b, 0 = -2*s + b + 28. What is the tens digit of s?
1
Suppose r + 18 = 2*v, 4*v + 2*r = -0*v + 44. Suppose v = -x - 5*y, -x + 18 = -0*x - 2*y. Suppose -x = -2*b - 0. What is the units digit of b?
5
Let y = -6 + 12. Let j = -16 + y. What is the units digit of (8/j)/((-2)/10)?
4
Let q(s) be the first derivative of s**4/4 + 3*s**3 - s**2 - 13*s - 3. What is the units digit of q(-9)?
5
Let c(k) be the second derivative of 11/2*k**2 - 3*k + 0*k**3 + 0 - 1/12*k**4. What is the tens digit of c(0)?
1
Suppose 2*c = -2*s + 844, -4*c - 2098 = -5*s - 5*c. What is the units digit of s?
9
Suppose 0 = -n - 2*p + 6*p - 10, -2*p = 4*n - 32. Suppose 3*q + 0 = n. What is the units digit of q?
2
Let a(y) = y**3 + 5*y**2 - 5*y + 8. Let m = -3 - -8. Suppose 2*f + 7 = -m. What is the units digit of a(f)?
2
Let g = -5 - -6. Let t(o) = 2*o**2 + o. Let l be t(g). Suppose -4 = l*k - 19. What is the units digit of k?
5
Let s = 22 + -17. Suppose 0 = -s*n + 7*n - 52. What is the tens digit of n?
2
Suppose -5*w + 5*x - 20 = 0, w + x = -0*x + 2. Suppose q + 4*q = 0. Let j = q - w. What is the units digit of j?
1
Let y(w) = 2*w**2 + w - 1. Let n = -8 + 9. Suppose n + 4 = 5*f + i, -2*f = -5*i - 29. What is the units digit of y(f)?
9
Suppose 4*u = -4*a - 100, -3*u = -0*u + 5*a + 85. Let b be (-3)/2*u/6. Suppose g + 2*g + 4*h - 17 = 0, g = -2*h + b. What is the units digit of g?
7
Let v(s) be the second derivative of -s**3/3 - 4*s**2 - 5*s. Let j = -15 - -4. What is the tens digit of v(j)?
1
Let z = -40 + 62. Suppose -4*b = -4*q + 12, -q + z = b + 3*q. Suppose -f - 2*u + 13 = 2*u, -u = b*f - 5. What is the units digit of f?
1
Suppose 0 = 3*k + 41 + 22. Let s = -9 - k. What is the tens digit of s?
1
Let i(c) = 5*c + 2. Let l be i(4). Suppose -d + l = -0*d. Suppose -2*n + d = -10. What is the units digit of n?
6
Suppose -s - 3*s = -16. Suppose n + 204 = s*l, 3*n = 6*n. What is the tens digit of l?
5
Let m(t) = 2*t + 4. What is the units digit of m(7)?
8
Let l(h) = h**3 + 3*h**2 + 2*h - 1. Let s be l(-2). Let d(z) = -12*z**3 + z**2 - 1. Let n be d(s). What is the units digit of 63/n - 2/8?
5
Suppose 5*h - 47 = 2*i, 5*i + 149 = -2*h + 4*h. Let t = i - -64. What is the tens digit of t?
3
Let m = -85 + 130. What is the units digit of 5*6*6/m?
4
Suppose 3*s - 4 = 4*h - 18, 2*s - 4*h = -16. Suppose 3*l = 2*l + 15. Suppose -r = s*r - l. What is the units digit of r?
5
Suppose -2*h - 20 = -16. What is the units digit of 4 + (48 + 3 - h)?
7
Let z = -8 + 4. Let j be 35/z*(-1 + 5). Let n = 56 + j. What is the tens digit of n?
2
Let j(i) = -5 - 1 + 1 - 2 - 5*i. What is the units digit of j(-4)?
3
Let j(k) = -k + 11. Let l(o) = -2*o + 11. Let w(m) = -4*j(m) + 5*l(m). What is the units digit of w(-5)?
1
Let j(u) = -u**3 + 4*u**2 + 7*u - 7. Let v be j(5). Suppose -9 = -3*d + v. What is the units digit of d?
4
Suppose 0 = a - 5*a + 20. Let h(c) be the second derivative of c**3/3 - 3*c**2/2 + 4*c. What is the units digit of h(a)?
7
What is the tens digit of -5 + 1 + 0 - -119?
1
What is the tens digit of 3/7 - (5 - 1198/14)?
8
Suppose 0 = -0*y - 2*y + 3*o - 2, 0 = y - 4*o + 11. Suppose y*u - 28 = 17. What is the units digit of u?
9
Let m = 8 - 4. Let p be 1/2 - 38/m. What is the tens digit of 58/6 + (-3)/p?
1
Suppose v - 16 = -5. Suppose 2*i + 5*y + 12 + 5 = 0, 0 = 2*i - y + v. Let g = -3 - i. What is the units digit of g?
3
Let u(z) = z**3 + 13*z**2 - 15*z + 8. Let n = -48 - -34. What is the tens digit of u(n)?
2
Suppose -8*h + 2*h + 228 = 0. What is the units digit of h?
8
Suppose -1 = -h + 4*l, -2*h + 61 = 2*h + 3*l. Suppose -49 = -3*q + 2*g, q - 3*g - 15 = h. What is the tens digit of q?
1
Suppose 5*t = -3*v + 4, -t + 4 = v - 2*v. Let s be 33/12 + v/(-8). What is the units digit of (s + (-1)/1)*3?
6
Let a = -11 + 25. Let c be 2/9 - a/(-18). What is the units digit of 0 - (-1*2)/c?
2
Let n(b) be the first derivative of -b**4/4 + 2*b**3/3 + b**2 + 4*b + 1. What is the units digit of n(3)?
1
Let u be 10 - 0/(-1 + -2). Suppose 2*j - u = 2. What is the units digit of j?
6
Suppose -h = -2*h - 1. Let g(a) = -31*a - 1. What is the tens digit of g(h)?
3
Let z = 20 - 17. Let r(s) = -2*s - s**2 + 3*s**2 - s**2 + 2. What is the units digit of r(z)?
5
Let i(t) = -3*t + 16. What is the tens digit of i(-17)?
6
Let p = -42 + 75. What is the tens digit of p?
3
Suppose 2*s = -0*r + 4*r + 208, 0 = s - 5*r - 89. What is the hundreds digit of s?
1
Let z = -23 + 16. Let x = 11 + z. Suppose 2*f = 2*u - 0*u, -28 = -3*u - x*f. What is the units digit of u?
4
Let j(w) be the second derivative of -2*w**3/3 - 15*w**2/2 - 4*w. What is the tens digit of j(-7)?
1
Let f = 13 - 21. What is the units digit of -2*2/(f/30)?
5
Let g = 292 + -185. What is the tens digit of g?
0
Let u = -134 + 298. Suppose -d + u = 3*d. What is the tens digit of d?
4
Suppose -1 = -2*v + 1. Let b = v + -2. Let m = b - -4. What is the units digit of m?
3
What is the tens digit of ((-26)/(-4))/((-2)/(-20)) + 0?
6
Let k(c) be the second derivative of -c**5/20 + c**4/4 + 2*c**3/3 + 3*c**2/2 - c. What is the units digit of k(4)?
3
Let y(b) = -b**3 + b**2. Let g be 3/(3/(2 - 1)). Let q(d) = -4*d**3 + 8*d**2 + 2*d - 4. Let m(j) = g*q(j) - 3*y(j). What is the units digit of m(5)?
6
Let f(j) = -j**3 - 8*j**2 + j + 9. Let h(x) = -2*x**2 + 5*x + 4. Let c be h(4). What is the units digit of f(c)?
1
Let t(y) = -2*y - 6. Let m be t(-6). Let h(c) = c - 4. Let r be h(m). Let f(v) = -v**2 + 3*v - 1. What is the units digit of f(r)?
1
Let u be 3 - 0*(-3)/6. Suppose -5 = 4*b + u*g - 